{"id":31,"date":"2024-09-16T14:53:05","date_gmt":"2024-09-16T14:53:05","guid":{"rendered":"https:\/\/bychair.com\/?page_id=31"},"modified":"2026-02-26T12:48:15","modified_gmt":"2026-02-26T12:48:15","slug":"medya","status":"publish","type":"page","link":"https:\/\/peteksandalye.com\/index.php\/medya\/","title":{"rendered":"Medya"},"content":{"rendered":"<div class=\"wpb-content-wrapper\"><p>[vc_row full_width=&#8221;stretch_row&#8221; woodmart_css_id=&#8221;66ec0566389aa&#8221; responsive_spacing=&#8221;eyJwYXJhbV90eXBlIjoid29vZG1hcnRfcmVzcG9uc2l2ZV9zcGFjaW5nIiwic2VsZWN0b3JfaWQiOiI2NmVjMDU2NjM4OWFhIiwic2hvcnRjb2RlIjoidmNfcm93IiwiZGF0YSI6eyJ0YWJsZXQiOnt9LCJtb2JpbGUiOnt9fX0=&#8221; mobile_bg_img_hidden=&#8221;no&#8221; tablet_bg_img_hidden=&#8221;no&#8221; woodmart_parallax=&#8221;0&#8243; woodmart_gradient_switch=&#8221;no&#8221; woodmart_box_shadow=&#8221;no&#8221; wd_z_index=&#8221;no&#8221; woodmart_disable_overflow=&#8221;0&#8243; row_reverse_mobile=&#8221;0&#8243; row_reverse_tablet=&#8221;0&#8243; css=&#8221;.vc_custom_1726743917223{margin-top: -20px !important;background-color: #FFFFFF !important;}&#8221;][vc_column]\t\t<div class=\"wd-page-title-el wd-wpb wd-rs-66ec052faf2cc vc_custom_1726743869275\">\n\t\t\t\t\t<\/div>\n\t\t[\/vc_column][\/vc_row][vc_row][vc_column][vc_column_text css=&#8221;&#8221; woodmart_inline=&#8221;no&#8221; text_larger=&#8221;no&#8221;]<\/p>\n<p style=\"text-align: center; font-size: 16px;\"><strong>Petek Sandalye olarak, d\u00fczenli olarak kat\u0131ld\u0131\u011f\u0131m\u0131z fuarlarda \u00fcr\u00fcnlerimizi de\u011ferli m\u00fc\u015fterilerimizle bulu\u015fturuyoruz. Ayn\u0131 zamanda, proje bazl\u0131 \u00e7al\u0131\u015fmalarda m\u00fc\u015fterilerimize destek sa\u011fl\u0131yor ve g\u00fcvenilir bir \u00fcr\u00fcn tedarik\u00e7isi olarak g\u00f6rev al\u0131yoruz.<\/strong><\/p>\n<p>[\/vc_column_text][\/vc_column][\/vc_row][vc_row][vc_column width=&#8221;1\/3&#8243;][vc_video link=&#8221;https:\/\/youtube.com\/shorts\/_TIJyDHD_DM?feature=share&#8221; el_aspect=&#8221;34&#8243; align=&#8221;center&#8221; css=&#8221;&#8221; woodmart_css_id=&#8221;69a040f59066e&#8221; image_poster_switch=&#8221;no&#8221;][\/vc_column][vc_column width=&#8221;1\/3&#8243;][vc_video link=&#8221;https:\/\/youtube.com\/shorts\/wYrLkRN6bQQ?feature=share&#8221; el_aspect=&#8221;34&#8243; align=&#8221;center&#8221; css=&#8221;&#8221; woodmart_css_id=&#8221;66ec06fb79e5f&#8221; image_poster_switch=&#8221;no&#8221;][\/vc_column][vc_column width=&#8221;1\/3&#8243;][vc_video link=&#8221;https:\/\/youtube.com\/shorts\/CYYeSFBUJ9o?feature=share&#8221; el_aspect=&#8221;34&#8243; align=&#8221;center&#8221; css=&#8221;&#8221; woodmart_css_id=&#8221;66ec0712ab319&#8243; image_poster_switch=&#8221;no&#8221;][\/vc_column][\/vc_row][vc_row][vc_column width=&#8221;1\/3&#8243;][vc_video link=&#8221;https:\/\/youtube.com\/shorts\/c61lKWv4Uvo?feature=share&#8221; el_aspect=&#8221;34&#8243; align=&#8221;center&#8221; css=&#8221;&#8221; woodmart_css_id=&#8221;66ec0721bf608&#8243; image_poster_switch=&#8221;no&#8221;][\/vc_column][vc_column width=&#8221;1\/3&#8243;][vc_video link=&#8221;https:\/\/youtube.com\/shorts\/uGq-c-2uT-8?feature=share&#8221; el_aspect=&#8221;34&#8243; align=&#8221;center&#8221; css=&#8221;&#8221; woodmart_css_id=&#8221;66ec072bf0f53&#8243; image_poster_switch=&#8221;no&#8221;][\/vc_column][vc_column width=&#8221;1\/3&#8243;][vc_video link=&#8221;https:\/\/youtube.com\/shorts\/6wenj6NSir0?feature=share&#8221; el_aspect=&#8221;34&#8243; align=&#8221;center&#8221; css=&#8221;&#8221; woodmart_css_id=&#8221;66ec07696a605&#8243; image_poster_switch=&#8221;no&#8221;][\/vc_column][\/vc_row]<\/p>\n<\/div>","protected":false},"excerpt":{"rendered":"<p>[vc_row full_width=&#8221;stretch_row&#8221; woodmart_css_id=&#8221;66ec0566389aa&#8221; responsive_spacing=&#8221;eyJwYXJhbV90eXBlIjoid29vZG1hcnRfcmVzcG9uc2l2ZV9zcGFjaW5nIiwic2VsZWN0b3JfaWQiOiI2NmVjMDU2NjM4OWFhIiwic2hvcnRjb2RlIjoidmNfcm93IiwiZGF0YSI6eyJ0YWJsZXQiOnt9LCJtb2JpbGUiOnt9fX0=&#8221; mobile_bg_img_hidden=&#8221;no&#8221; tablet_bg_img_hidden=&#8221;no&#8221; woodmart_parallax=&#8221;0&#8243; woodmart_gradient_switch=&#8221;no&#8221; woodmart_box_shadow=&#8221;no&#8221; wd_z_index=&#8221;no&#8221; woodmart_disable_overflow=&#8221;0&#8243; row_reverse_mobile=&#8221;0&#8243; row_reverse_tablet=&#8221;0&#8243; css=&#8221;.vc_custom_1726743917223{margin-top: -20px !important;background-color: #FFFFFF !important;}&#8221;][vc_column][\/vc_column][\/vc_row][vc_row][vc_column][vc_column_text css=&#8221;&#8221; woodmart_inline=&#8221;no&#8221;<\/p>\n","protected":false},"author":1,"featured_media":0,"parent":0,"menu_order":0,"comment_status":"closed","ping_status":"closed","template":"","meta":{"footnotes":""},"class_list":["post-31","page","type-page","status-publish","hentry"],"_links":{"self":[{"href":"https:\/\/peteksandalye.com\/index.php\/wp-json\/wp\/v2\/pages\/31","targetHints":{"allow":["GET"]}}],"collection":[{"href":"https:\/\/peteksandalye.com\/index.php\/wp-json\/wp\/v2\/pages"}],"about":[{"href":"https:\/\/peteksandalye.com\/index.php\/wp-json\/wp\/v2\/types\/page"}],"author":[{"embeddable":true,"href":"https:\/\/peteksandalye.com\/index.php\/wp-json\/wp\/v2\/users\/1"}],"replies":[{"embeddable":true,"href":"https:\/\/peteksandalye.com\/index.php\/wp-json\/wp\/v2\/comments?post=31"}],"version-history":[{"count":11,"href":"https:\/\/peteksandalye.com\/index.php\/wp-json\/wp\/v2\/pages\/31\/revisions"}],"predecessor-version":[{"id":668,"href":"https:\/\/peteksandalye.com\/index.php\/wp-json\/wp\/v2\/pages\/31\/revisions\/668"}],"wp:attachment":[{"href":"https:\/\/peteksandalye.com\/index.php\/wp-json\/wp\/v2\/media?parent=31"}],"curies":[{"name":"wp","href":"https:\/\/api.w.org\/{rel}","templated":true}]}}